{"id":8,"date":"2019-01-18T09:20:59","date_gmt":"2019-01-18T08:20:59","guid":{"rendered":"http:\/\/wp1153564.server-he.de\/index.php\/datenschutz\/"},"modified":"2019-01-18T09:20:59","modified_gmt":"2019-01-18T08:20:59","slug":"datenschutz","status":"publish","type":"page","link":"https:\/\/www.fewo-bernhard-baur.de\/index.php\/datenschutz\/","title":{"rendered":"Datenschutz"},"content":{"rendered":"<p><strong>Datenschutzerkl\u00e4rung<\/strong><\/p>\n<p>\u00a0<\/p>\n<p>Ich,<\/p>\n<p>Monika Baur<\/p>\n<p>Am Kurpark 15<\/p>\n<p>79872 Bernau im Schwarzwald<\/p>\n<p>\u00a0<\/p>\n<p>Tel. 07675\/921996<\/p>\n<p>e-mail: <a>monikabaur296@t-online.de<\/a><\/p>\n<p> (im Folgenden \u201cwir\/unser(e)&#8220;), nehmen den Schutz Ihrer pers\u00f6nlichen Daten sehr ernst und halten uns streng an alle geltenden Gesetze und Vorschriften zum Datenschutz, insbesondere an die Datenschutzgrundverordnung, (DSGVO), das Bundesdatenschutzgesetz (BDSG) und das Telemediengesetz (TMG). Die folgenden Erl\u00e4uterungen geben Ihnen einen \u00dcberblick dar\u00fcber, wie wir diesen Schutz sicherstellen und welche Daten wir zu welchem Zweck verarbeiten.<\/p>\n<ol>\n<li>Nutzungsdaten<\/li>\n<\/ol>\n<p>Bei jedem Zugriff auf unsere Webseite und bei jedem Abruf einer Datei, werden automatisch \u00fcber diesen Vorgang allgemeine Daten in einer Protokolldatei gespeichert. Die Speicherung dient ausschlie\u00dflich systembezogenen und statistischen Zwecken (auf Grundlage von Art. 6 DSGVO), sowie in Ausnahmef\u00e4llen zur Anzeige von Straftaten.<\/p>\n<p>Eine Weitergabe der Daten an Dritte oder eine sonstige Auswertung findet nicht statt, es sei denn, es besteht eine gesetzliche Verpflichtung dazu (Art. 6 Abs. 1 Buchst. e) DSGVO).<\/p>\n<p>Im Einzelnen wird \u00fcber jeden Abruf folgender Datensatz gespeichert:<\/p>\n<p>&#8211; Name der abgerufenen Datei<\/p>\n<p>&#8211; Datum und Uhrzeit des Abrufs<\/p>\n<p>&#8211; \u00fcbertragene Datenmenge<\/p>\n<p>&#8211; Meldung, ob der Abruf erfolgreich war<\/p>\n<p>&#8211; Beschreibung des Typs des verwendeten Webbrowsers<\/p>\n<p>&#8211; verwendetes Betriebssystem<\/p>\n<p>&#8211; die zuvor besuchte Seite<\/p>\n<p>&#8211; Provider<\/p>\n<p>&#8211; Ihre IP-Adresse<\/p>\n<ol start=\"2\">\n<li>Personenbezogene Daten<\/li>\n<\/ol>\n<p>Personenbezogene Daten werden von uns nur dann verarbeitet, wenn uns dies gesetzlich gestattet ist, oder Sie uns Ihre Einwilligung erteilt haben.<\/p>\n<p>Im Einzelnen:<\/p>\n<ol>\n<li>Kontakt<\/li>\n<\/ol>\n<p>Wenn Sie mit uns in Kontakt treten, speichern wir Ihre Daten auf Grundlage von Art. 6 Abs. 1 Buchst. b) DSGVO zum Zwecke der Bearbeitung Ihrer Anfrage, sowie f\u00fcr den Fall, dass eine weitere Korrespondenz stattfinden sollte.<\/p>\n<ol start=\"3\">\n<li>Cookies<\/li>\n<\/ol>\n<p>Wir setzen in einigen Bereichen unserer Webseite sogenannte Cookies ein. Durch solche Dateielemente kann Ihr Computer als technische Einheit w\u00e4hrend Ihres Besuchs auf dieser Webseite identifiziert werden, um Ihnen die Verwendung unseres Angebotes \u2013 auch bei Wiederholungsbesuchen \u2013 zu erleichtern.<\/p>\n<p>Sie haben aber in der Regel die M\u00f6glichkeit, Ihren Internetbrowser so einzustellen, dass Sie \u00fcber das Auftreten von Cookies informiert werden, so dass Sie diese zulassen oder ausschlie\u00dfen, beziehungsweise bereits vorhandene Cookies l\u00f6schen k\u00f6nnen.<\/p>\n<p>Bitte verwenden Sie die Hilfefunktion Ihres Internetbrowsers, um Informationen zu der \u00c4nderung dieser Einstellungen zu erlangen. Wir weisen darauf hin, dass einzelne Funktionen unserer Webseite m\u00f6glicherweise nicht funktionieren, wenn Sie die Verwendung von Cookies deaktiviert haben.<\/p>\n<p>Cookies erlauben nicht, dass ein Server private Daten von Ihrem Computer oder die von einem anderen Server abgelegten Daten lesen kann. Sie richten auf Ihrem Rechner keinen Schaden an und enthalten keine Viren.<\/p>\n<p>Wir st\u00fctzen den Einsatz von Cookies auf Art. 6 Abs. 1 Buchst. f) DSGVO: die Verarbeitung erfolgt zur Verbesserung der Funktionsweise unserer Webseite. Sie ist daher zur Wahrung unserer berechtigten Interessen erforderlich.<\/p>\n<ol start=\"4\">\n<li>Verwendung von Google Webfonts und Google Maps<\/li>\n<\/ol>\n<p>Auf unserer Webseite werden externe Schriften, sog. Google Webfonts, verwendet. Zudem benutzen wir Google Maps, um f\u00fcr Sie den Anfahrtsweg zu unserem Unternehmen darzustellen und Ihnen die Planung der Anfahrt zu vereinfachen. Auch hierbei greifen wir auf Dienste der Google Inc. 1600 Amphitheatre Parkway, Mountain View, CA 94043, USA zur\u00fcck.<\/p>\n<p>Dazu l\u00e4dt beim Aufrufen unserer Seite Ihr Browser die ben\u00f6tigten Informationen vom Google-Server in den USA in ihren Browsercache. Dies ist notwendig damit auch Ihr Browser eine optisch verbesserte Darstellung unserer Texte anzeigen kann, bzw. die Karte auf unserer Webseite dargestellt wird.<\/p>\n<p>Hierdurch wird an den Google-Server \u00fcbermittelt, welche unserer Internetseiten Sie besucht haben. Auch wird Ihre IP-Adresse von Google gespeichert.<\/p>\n<p>Weitergehende Informationen zu Google Webfonts finden sie unter <a href=\"https:\/\/developers.google.com\/fonts\/faq?hl=de-DE&amp;csw=1\">https:\/\/developers.google.com\/fonts\/faq?hl=de-DE&amp;csw=1<\/a><\/p>\n<p>Weitergehende Informationen zu Google Maps finden sie unter <a href=\"https:\/\/www.google.com\/intl\/de_de\/help\/terms_maps.html\">https:\/\/www.google.com\/intl\/de_de\/help\/terms_maps.html<\/a><\/p>\n<p>Allgemeine Informationen zum Thema Datenschutz bei Google finden sie unter www.google.com\/policies\/privacy\/ b. Verwendung von OpenStreetMap<\/p>\n<p>Wir verwenden auf unserer Webseite einen Kartenausschnitt von OpenStreetMap (<a href=\"https:\/\/www.openstreetmap.de\/\">https:\/\/www.openstreetmap.de\/<\/a>), um f\u00fcr Sie den Anfahrtsweg zu unserem Unternehmen darzustellen und Ihnen die Planung der Anfahrt zu vereinfachen. Bei OpenStreetMap handelt es sich um ein Open-Source-Mapping-Werkzeug. Damit Ihnen die Karte angezeigt werden kann, wird Ihre IP-Adresse an OpenStreetMap weitergeleitet. Wie OpenStreetMap Ihre Daten speichert, k\u00f6nnen Sie auf der Datenschutzseite von OpenStreetMap hier <a href=\"https:\/\/wiki.openstreetmap.org\/wiki\/DE\">https:\/\/wiki.openstreetmap.org\/wiki\/DE<\/a>:Datenschutz und hier <a href=\"https:\/\/wiki.openstreetmap.org\/wiki\/DE\">https:\/\/wiki.openstreetmap.org\/wiki\/DE<\/a>:Legal_FAQ einsehen.<\/p>\n<p>Wir st\u00fctzen den Einsatz der vorgenannten Tools auf Art. 6 Abs. 1 Buchst. f) DSGVO: die Datenverarbeitung erfolgt zur Verbesserung der Nutzerfreundlichkeit auf unserer Webseite und liegt daher in unserem berechtigten Interesse.<\/p>\n<ol start=\"9\">\n<li>Dauer der Speicherung<\/li>\n<\/ol>\n<p>\u201eWir speichern Ihre Daten so lange, wie es f\u00fcr eine abschlie\u00dfende Bearbeitung Ihres Anliegens notwendig ist.<\/p>\n<p>Ausgenommen hiervon sind Daten, f\u00fcr die gesetzliche oder anderweitig vorgeschriebene Aufbewahrungspflichten bestehen; diese werden f\u00fcr die Dauer der jeweiligen Aufbewahrungsfrist gespeichert und im Anschluss routinem\u00e4\u00dfig gel\u00f6scht.&#8220;<\/p>\n<ol start=\"10\">\n<li>Betroffenenrechte<\/li>\n<li>Auskunftsrecht<\/li>\n<\/ol>\n<p>Sie haben das Recht, von uns eine Best\u00e4tigung dar\u00fcber zu verlangen, ob Sie betreffende personenbezogene Daten verarbeitet werden.<\/p>\n<p>Senden Sie hierf\u00fcr bitte einfach eine eMail an <a>monikabaur296@t-online.de<\/a><\/p>\n<ol>\n<li>Berichtigung\/L\u00f6schung\/Einschr\u00e4nkung der Verarbeitung<\/li>\n<\/ol>\n<p>Des Weiteren haben Sie das Recht, von uns zu verlangen, dass<\/p>\n<p>&#8211; Sie betreffende unrichtige personenbezogene Daten unverz\u00fcglich berichtigt werden (Recht auf Berichtigung);<\/p>\n<p>&#8211; Sie betreffende personenbezogene Daten unverz\u00fcglich gel\u00f6scht werden (Recht auf L\u00f6schung) und<\/p>\n<p>&#8211; die Verarbeitung eingeschr\u00e4nkt wird (Recht auf Einschr\u00e4nken der Verarbeitung).<\/p>\n<p>Senden Sie hierf\u00fcr bitte einfach eine eMail an <a>monikabaur296@t-online.de<\/a><\/p>\n<ol>\n<li>Recht auf Daten\u00fcbertragbarkeit<\/li>\n<\/ol>\n<p>Sie haben das Recht, Sie betreffende personenbezogene Daten, die Sie uns bereitgestellt haben, in einem strukturierten, g\u00e4ngigen und maschinenlesbaren Format zu erhalten und diese Daten einem anderen Verantwortlichen zu \u00fcbermitteln.<\/p>\n<p>Senden Sie hierf\u00fcr bitte einfach eine eMail an <a>monikabaur296@t-online.de<\/a><\/p>\n<ol>\n<li>Widerrufsrecht<\/li>\n<\/ol>\n<p>Sie haben das Recht, Ihre Einwilligung jederzeit zu widerrufen. Durch den Widerruf der Einwilligung wird die Rechtm\u00e4\u00dfigkeit der aufgrund der Einwilligung bis zum Widerruf erfolgten Verarbeitung nicht ber\u00fchrt.<\/p>\n<p>Senden Sie hierf\u00fcr bitte einfach eine eMail an <a>monikabaur296@t-online.de<\/a><\/p>\n<ol>\n<li>Widerspruchsrecht<\/li>\n<\/ol>\n<p>Ist die Verarbeitung Sie betreffender personenbezogener Daten f\u00fcr die Wahrnehmung einer Aufgabe, die im \u00f6ffentlichen Interesse liegt (Art. 6 Abs. 1 Buchst. e) DSGVO) oder zur Wahrung unserer berechtigten Interessen (Art. 6 Abs. 1 Buchst. f) DSGVO) erforderlich, steht Ihnen ein Widerspruchsrecht zu.<\/p>\n<p>Senden Sie hierf\u00fcr bitte einfach eine eMail an <a>monikabaur296@t-online.de<\/a><\/p>\n<ol>\n<li>Beschwerderecht<\/li>\n<\/ol>\n<p>Sind Sie der Ansicht, dass die Verarbeitung der Sie betreffenden personenbezogenen Daten gegen die DSGVO verst\u00f6\u00dft, haben Sie unbeschadet anderweitiger Rechtsbehelfe das Recht auf Beschwerde bei einer Aufsichtsbeh\u00f6rde.<\/p>\n<ol start=\"11\">\n<li>Links zu anderen Webseiten<br \/> Unser Angebot kann Links zu anderen Webseiten weiterer Anbieter, sogenannte Drittanbieter,\u00a0 enthalten, auf die sich diese Datenschutzerkl\u00e4rung nicht erstreckt. Bei der Setzung der Links wurde gepr\u00fcft, ob eventuelle Verst\u00f6\u00dfe gegen geltendes Recht vorliegen. Ich habe keinen Einfluss darauf, dass deren Betreiber die Datenschutzbestimmungen einhalten.<\/li>\n<\/ol>\n<p>\u00a0<\/p>\n<ol start=\"12\">\n<li>Unser Datenschutzbeauftragter<\/li>\n<\/ol>\n<p>\u201eUnseren Datenschutzbeauftragten erreichen Sie unter\u00a0<a>monikabaur296@t-online.de<\/a> <br \/> Tel 07672 921996.<\/p>\n<p>Sicherheit<\/p>\n<p>F\u00fcr die Sicherheit Ihrer Daten verwenden wir modernste Internettechnologien. W\u00e4hrend des Onlineanfrageprozesses sind Ihre Angaben mit einer SSL-Verschl\u00fcsselung gesichert. F\u00fcr eine sichere Speicherung Ihrer Daten werden unsere Systeme durch Firewalls gesch\u00fctzt, die unberechtigte Zugriffe von au\u00dfen verhindern.<\/p>\n<p>\u00a0<\/p>\n<ol start=\"14\">\n<li>Fragen und Kommentare<br \/> Sollten Sie Fragen an uns zum Thema Datenschutz oder Anregungen und Kommentare haben, k\u00f6nnen Sie diese gerne per email:\u00a0<a>monikabaur296@t-online.de<\/a> zusenden.<\/li>\n<\/ol>\n<p>\u00a0<\/p>\n<p>Stand Januar 2019<\/p>\n<p>\u00a0<\/p>\n","protected":false},"excerpt":{"rendered":"<p>Datenschutzerkl\u00e4rung \u00a0 Ich, Monika Baur Am Kurpark 15 79872 Bernau im Schwarzwald \u00a0 Tel. 07675\/921996 e-mail: monikabaur296@t-online.de (im Folgenden \u201cwir\/unser(e)&#8220;), nehmen den Schutz Ihrer pers\u00f6nlichen Daten sehr ernst und halten uns streng an alle geltenden Gesetze und Vorschriften zum Datenschutz, insbesondere an die Datenschutzgrundverordnung, (DSGVO), das Bundesdatenschutzgesetz (BDSG) und das Telemediengesetz (TMG). Die folgenden Erl\u00e4uterungen [&hellip;]<\/p>\n","protected":false},"author":1,"featured_media":0,"parent":0,"menu_order":0,"comment_status":"closed","ping_status":"closed","template":"","meta":{"footnotes":""},"class_list":["post-8","page","type-page","status-publish","hentry","entry"],"_links":{"self":[{"href":"https:\/\/www.fewo-bernhard-baur.de\/index.php\/wp-json\/wp\/v2\/pages\/8","targetHints":{"allow":["GET"]}}],"collection":[{"href":"https:\/\/www.fewo-bernhard-baur.de\/index.php\/wp-json\/wp\/v2\/pages"}],"about":[{"href":"https:\/\/www.fewo-bernhard-baur.de\/index.php\/wp-json\/wp\/v2\/types\/page"}],"author":[{"embeddable":true,"href":"https:\/\/www.fewo-bernhard-baur.de\/index.php\/wp-json\/wp\/v2\/users\/1"}],"replies":[{"embeddable":true,"href":"https:\/\/www.fewo-bernhard-baur.de\/index.php\/wp-json\/wp\/v2\/comments?post=8"}],"version-history":[{"count":0,"href":"https:\/\/www.fewo-bernhard-baur.de\/index.php\/wp-json\/wp\/v2\/pages\/8\/revisions"}],"wp:attachment":[{"href":"https:\/\/www.fewo-bernhard-baur.de\/index.php\/wp-json\/wp\/v2\/media?parent=8"}],"curies":[{"name":"wp","href":"https:\/\/api.w.org\/{rel}","templated":true}]}}