{"id":6,"date":"2019-01-17T18:10:23","date_gmt":"2019-01-17T17:10:23","guid":{"rendered":"http:\/\/wp1153564.server-he.de\/index.php\/bernau\/"},"modified":"2019-01-17T18:10:23","modified_gmt":"2019-01-17T17:10:23","slug":"bernau","status":"publish","type":"page","link":"https:\/\/www.fewo-bernhard-baur.de\/index.php\/bernau\/","title":{"rendered":"Bernau"},"content":{"rendered":"<p>Unser sonnenverw\u00f6hntes Bernauer-Hochtal verf\u00fcgt \u00fcber ein gro\u00dfes erschlossenes Wandergebiet in unber\u00fchrter Natur, ebene Spazierwege, Kurse f\u00fcr Paragliding, Mal- und T\u00f6pferkurse, Hans-Thoma-Museum, Heimatmuseum Resenhof, Skilifte, Loipen, Schlittenhunderennen, Skischule, Alpine und Nordische Wintersportereignisse und vieles mehr &#8211; \u00a0lassen Sie sich \u00fcberraschen.<\/p>\n<p>Bernaus Gastronomie wird Sie mit zahlreichen Gaumenfreuden verw\u00f6hnen, weitgehend mit Produkten aus regionaler Herstellung.<\/p>\n<p>Bernau ist im Dreil\u00e4ndereck gelegen und bietet somit viele interessante Ausflugsziele.<\/p>\n<p>Bernau ist zu jeder Jahreszeit eine Reise wert, kommen Sie und \u00fcberzeugen Sie sich selbst.<\/p>\n<p>\u00a0<\/p>\n<p>Weiter Info\u00b4s \u00fcber Bernau erhalten sie unter <a href=\"http:\/\/www.bernau-schwarzwald.de\" target=\"_blank\" rel=\"noopener noreferrer\">www.bernau-schwarzwald.de<\/a><\/p>\n<p>\u00a0<\/p>\n<p><img decoding=\"async\" src=\"images\/sonstige180pixelbreit\/alpensicht.jpg\" alt=\"\" \/> <img loading=\"lazy\" decoding=\"async\" src=\"images\/sonstige180pixelbreit\/bernautal.jpg\" alt=\"\" width=\"218\" height=\"121\" \/> <img decoding=\"async\" src=\"images\/sonstige180pixelbreit\/gleitschirm.jpg\" alt=\"\" \/> <img loading=\"lazy\" decoding=\"async\" src=\"images\/sonstige180pixelbreit\/kindertracht.jpg\" alt=\"\" width=\"210\" height=\"120\" \/> <img loading=\"lazy\" decoding=\"async\" src=\"images\/sonstige180pixelbreit\/montainbike.jpg\" alt=\"\" width=\"214\" height=\"120\" \/> <img loading=\"lazy\" decoding=\"async\" src=\"images\/sonstige180pixelbreit\/nordic.jpg\" alt=\"\" width=\"216\" height=\"120\" \/> <img decoding=\"async\" src=\"images\/sonstige180pixelbreit\/p3.jpg\" alt=\"\" \/> <img decoding=\"async\" src=\"images\/sonstige180pixelbreit\/panorama.jpg\" alt=\"\" \/> <img loading=\"lazy\" decoding=\"async\" src=\"images\/sonstigeBilder\/bernau winter.jpg\" alt=\"\" width=\"159\" height=\"120\" \/> <img loading=\"lazy\" decoding=\"async\" src=\"images\/sonstigeBilder\/loipe.jpg\" alt=\"\" width=\"237\" height=\"120\" \/> <img loading=\"lazy\" decoding=\"async\" src=\"images\/sonstigeBilder\/skifahren.jpg\" alt=\"\" width=\"137\" height=\"119\" \/> <img loading=\"lazy\" decoding=\"async\" src=\"images\/sonstigeBilder\/skifahren kind.jpg\" alt=\"\" width=\"129\" height=\"118\" \/> <img loading=\"lazy\" decoding=\"async\" src=\"images\/sonstigeBilder\/rodeln.jpg\" alt=\"\" width=\"134\" height=\"118\" \/><\/p>\n","protected":false},"excerpt":{"rendered":"<p>Unser sonnenverw\u00f6hntes Bernauer-Hochtal verf\u00fcgt \u00fcber ein gro\u00dfes erschlossenes Wandergebiet in unber\u00fchrter Natur, ebene Spazierwege, Kurse f\u00fcr Paragliding, Mal- und T\u00f6pferkurse, Hans-Thoma-Museum, Heimatmuseum Resenhof, Skilifte, Loipen, Schlittenhunderennen, Skischule, Alpine und Nordische Wintersportereignisse und vieles mehr &#8211; \u00a0lassen Sie sich \u00fcberraschen. Bernaus Gastronomie wird Sie mit zahlreichen Gaumenfreuden verw\u00f6hnen, weitgehend mit Produkten aus regionaler Herstellung. Bernau ist [&hellip;]<\/p>\n","protected":false},"author":1,"featured_media":0,"parent":0,"menu_order":2,"comment_status":"closed","ping_status":"closed","template":"","meta":{"footnotes":""},"class_list":["post-6","page","type-page","status-publish","hentry","entry"],"_links":{"self":[{"href":"https:\/\/www.fewo-bernhard-baur.de\/index.php\/wp-json\/wp\/v2\/pages\/6","targetHints":{"allow":["GET"]}}],"collection":[{"href":"https:\/\/www.fewo-bernhard-baur.de\/index.php\/wp-json\/wp\/v2\/pages"}],"about":[{"href":"https:\/\/www.fewo-bernhard-baur.de\/index.php\/wp-json\/wp\/v2\/types\/page"}],"author":[{"embeddable":true,"href":"https:\/\/www.fewo-bernhard-baur.de\/index.php\/wp-json\/wp\/v2\/users\/1"}],"replies":[{"embeddable":true,"href":"https:\/\/www.fewo-bernhard-baur.de\/index.php\/wp-json\/wp\/v2\/comments?post=6"}],"version-history":[{"count":0,"href":"https:\/\/www.fewo-bernhard-baur.de\/index.php\/wp-json\/wp\/v2\/pages\/6\/revisions"}],"wp:attachment":[{"href":"https:\/\/www.fewo-bernhard-baur.de\/index.php\/wp-json\/wp\/v2\/media?parent=6"}],"curies":[{"name":"wp","href":"https:\/\/api.w.org\/{rel}","templated":true}]}}